321 is divided by 346?
333
Calculate the remainder when 3068 is divided by 511.
2
Calculate the remainder when 10452 is divided by 12.
0
Calculate the remainder when 582 is divided by 451.
131
What is the remainder when 11570 is divided by 404?
258
Calculate the remainder when 9225 is divided by 63.
27
Calculate the remainder when 414 is divided by 133.
15
Calculate the remainder when 60427 is divided by 54.
1
Calculate the remainder when 1149 is divided by 44.
5
What is the remainder when 2101 is divided by 36?
13
What is the remainder when 104673 is divided by 58?
41
Calculate the remainder when 580645 is divided by 30.
25
What is the remainder when 5802 is divided by 568?
122
What is the remainder when 323748 is divided by 53955?
18
Calculate the remainder when 676052 is divided by 17.
13
What is the remainder when 25060 is divided by 12?
4
What is the remainder when 108693 is divided by 172?
161
Calculate the remainder when 1445343 is divided by 22.
9
What is the remainder when 19836 is divided by 276?
240
What is the remainder when 4301 is divided by 79?
35
Calculate the remainder when 35293 is divided by 33.
16
Calculate the remainder when 33914 is divided by 12.
2
What is the remainder when 14790 is divided by 4927?
9
Calculate the remainder when 19949 is divided by 149.
132
What is the remainder when 298003 is divided by 84?
55
Calculate the remainder when 3366 is divided by 57.
3
Calculate the remainder when 159837 is divided by 2578.
1
Calculate the remainder when 3452 is divided by 108.
104
What is the remainder when 706172 is divided by 31?
23
What is the remainder when 5549 is divided by 690?
29
What is the remainder when 2294 is divided by 131?
67
What is the remainder when 40323 is divided by 94?
91
Calculate the remainder when 2161970 is divided by 9.
8
What is the remainder when 114638 is divided by 594?
590
What is the remainder when 17763 is divided by 47?
44
Calculate the remainder when 3209 is divided by 2543.
666
What is the remainder when 16530 is divided by 8261?
8
What is the remainder when 8179 is divided by 428?
47
What is the remainder when 178499 is divided by 102?
101
What is the remainder when 11265 is divided by 78?
33
What is the remainder when 2235 is divided by 205?
185
Calculate the remainder when 402740 is divided by 451.
448
What is the remainder when 1492 is divided by 264?
172
Calculate the remainder when 636496 is divided by 53.
19
Calculate the remainder when 663739 is divided by 55.
54
Calculate the remainder when 110557 is divided by 55272.
13
Calculate the remainder when 28795 is divided by 141.
31
What is the remainder when 10292 is divided by 43?
15
Calculate the remainder when 2297 is divided by 175.
22
Calculate the remainder when 7005 is divided by 2174.
483
What is the remainder when 137505 is divided by 68747?
11
What is the remainder when 9286 is divided by 565?
246
What is the remainder when 134217 is divided by 6391?
6
What is the remainder when 869041 is divided by 70?
61
Calculate the remainder when 28376 is divided by 1288.
40
Calculate the remainder when 34964 is divided by 152.
4
Calculate the remainder when 227696 is divided by 4066.
0
Calculate the remainder when 2025349 is divided by 118.
115
Calculate the remainder when 51744 is divided by 8622.
12
What is the remainder when 9158 is divided by 10?
8
What is the remainder when 248492 is divided by 15?
2
Calculate the remainder when 9220 is divided by 313.
143
Calculate the remainder when 45625 is divided by 7481.
739
Calculate the remainder when 3508 is divided by 506.
472
What is the remainder when 142365 is divided by 7?
6
Calculate the remainder when 2638 is divided by 98.
90
Calculate the remainder when 43715 is divided by 43704.
11
Calculate the remainder when 1994 is divided by 74.
70
Calculate the remainder when 4069 is divided by 449.
28
What is the remainder when 5262 is divided by 1574?
540
What is the remainder when 22594 is divided by 538?
536
What is the remainder when 39780 is divided by 1477?
1378
Calculate the remainder when 992217 is divided by 808.
801
What is the remainder when 50579 is divided by 4?
3
What is the remainder when 1197 is divided by 410?
377
What is the remainder when 54427 is divided by 14?
9
What is the remainder when 233422 is divided by 55?
2
What is the remainder when 3479 is divided by 26?
21
What is the remainder when 111186 is divided by 12?
6
Calculate the remainder when 474237 is divided by 200.
37
Calculate the remainder when 1028 is divided by 73.
6
Calculate the remainder when 17716 is divided by 4239.
760
Calculate the remainder when 24034 is divided by 481.
465
What is the remainder when 75950 is divided by 33?
17
Calculate the remainder when 861 is divided by 495.
366
What is the remainder when 8497 is divided by 374?
269
Calculate the remainder when 25931 is divided by 20.
11
Calculate the remainder when 759 is divided by 758.
1
Calculate the remainder when 1630 is divided by 1607.
23
Calculate the remainder when 3001 is divided by 1506.
1495
Calculate the remainder when 95250 is divided by 420.
330
What is the remainder when 363873 is divided by 175?
48
Calculate the remainder when 36207 is divided by 18095.
17
What is the remainder when 430744 is divided by 12?
4
Calculate the remainder when 12727 is divided by 67.
64
What is the remainder when 85189 is divided by 104?
13
Calculate the remainder when 638 is divided by 333.
305
Calculate the remainder when 162924 is divided by 1038.
996
Calculate the remainder when 3128021 is divided by 9.
8
Calculate the remainder when 15878 is divided by 5288.
14
Calculate the remainder when 15933 is divided by 2272.
29
What is the remainder when 276910 is divided by 213?
10
Calculate the remainder when 18898 is divided by 6299.
1
Calculate the remainder when 159573 is divided by 79766.
41
What is the remainder when 44021 is divided by 4000?
21
What is the remainder when 13810 is divided by 200?
10
Calculate the remainder when 798391 is divided by 13.
9
What is the remainder when 15748 is divided by 522?
88
What is the remainder when 34821 is divided by 34821?
0
What is the remainder when 5789 is divided by 5777?
12
What is the remainder when 224679 is divided by 164?
163
Calculate the remainder when 8544 is divided by 204.
180
What is the remainder when 1209 is divided by 232?
49
What is the remainder when 7503 is divided by 184?
143
What is the remainder when 22294 is divided by 7416?
46
Calculate the remainder when 94227 is divided by 47072.
83
What is the remainder when 26232 is divided by 19?
12
What is the remainder when 1492 is divided by 212?
8
What is the remainder when 4834 is divided by 6?
4
Calculate the remainder when 7700 is divided by 2475.
275
What is the remainder when 37020 is divided by 29?
16
What is the remainder when 342257 is divided by 39?
32
What is the remainder when 1510880 is divided by 73?
72
What is the remainder when 20921 is divided by 1884?
197
Calculate the remainder when 4051 is divided by 945.
271
What is the remainder when 371857 is divided by 9?
4
Calculate the remainder when 140650 is divided by 617.
591
Calculate the remainder when 5742 is divided by 251.
220
Calculate the remainder when 1239231 is divided by 1072.
1071
What is the remainder when 2660348 is divided by 251?
250
What is the remainder when 84237 is divided by 60?
57
Calculate the remainder when 4888 is divided by 5.
3
What is the remainder when 348855 is divided by 6?
3
What is the remainder when 207898 is divided by 462?
460
Calculate the remainder when 8408 is divided by 1047.
32
What is the remainder when 163179 is divided by 410?
409
What is the remainder when 17180 is divided by 886?
346
Calculate the remainder when 816 is divided by 391.
34
What is the remainder when 310063 is divided by 343?
334
What is the remainder when 478603 is divided by 944?
939
What is the remainder when 3590 is divided by 810?
350
What is the remainder when 5541 is divided by 5096?
445
Calculate the remainder when 2035 is divided by 290.
5
What is the remainder when 48166 is divided by 108?
106
What is the remainder when 20870 is divided by 4173?
5
What is the remainder when 2801 is divided by 692?
33
What is the remainder when 725014 is divided by 12?
10
